mon divisor of 51152 and 16?
16
Calculate the highest common divisor of 2979004 and 392.
196
What is the highest common divisor of 157 and 1469991?
157
What is the greatest common divisor of 562 and 4912442?
562
Calculate the highest common divisor of 413460 and 2340.
180
Calculate the greatest common factor of 5 and 210895.
5
What is the greatest common factor of 46414 and 322?
46
What is the highest common factor of 5216 and 4727?
163
What is the highest common divisor of 28 and 516?
4
Calculate the greatest common factor of 12303 and 18.
9
What is the highest common divisor of 344 and 16125?
43
What is the highest common divisor of 23620 and 160?
20
What is the greatest common divisor of 19268 and 8?
4
Calculate the highest common divisor of 50 and 23825.
25
Calculate the highest common factor of 411 and 29455.
137
Calculate the highest common divisor of 93860 and 10660.
260
Calculate the greatest common divisor of 360 and 20430.
90
What is the greatest common divisor of 458 and 3738425?
229
Calculate the greatest common divisor of 101 and 52217.
101
What is the greatest common divisor of 101728 and 1320?
88
What is the highest common factor of 50 and 781730?
10
What is the greatest common factor of 30 and 1098170?
10
What is the greatest common divisor of 27413 and 3817?
347
Calculate the highest common factor of 94785 and 142.
71
What is the highest common factor of 20 and 219448?
4
Calculate the highest common factor of 3481 and 15163.
59
What is the greatest common factor of 234700 and 100?
100
Calculate the greatest common factor of 1060 and 3869.
53
Calculate the highest common divisor of 23490 and 3510.
270
Calculate the greatest common divisor of 8070 and 780.
30
What is the highest common divisor of 15596 and 420?
28
What is the highest common factor of 491829 and 39?
39
What is the highest common factor of 4390500 and 750?
750
What is the greatest common factor of 286 and 112618?
22
Calculate the highest common factor of 750 and 7750.
250
What is the greatest common factor of 775 and 39959?
31
Calculate the highest common divisor of 3 and 5273313.
3
Calculate the highest common divisor of 475 and 2725.
25
Calculate the greatest common factor of 43209 and 567.
9
Calculate the highest common factor of 256 and 64.
64
Calculate the greatest common factor of 41656 and 12136.
328
Calculate the highest common factor of 27 and 13473.
27
What is the highest common divisor of 319 and 4379?
29
Calculate the highest common factor of 2032 and 432.
16
What is the greatest common factor of 1170441 and 2961?
423
Calculate the greatest common divisor of 20985 and 705.
15
What is the highest common divisor of 92020 and 20?
20
Calculate the highest common divisor of 37730 and 3675.
245
What is the highest common divisor of 527 and 515576?
17
Calculate the greatest common divisor of 5555 and 660.
55
Calculate the greatest common factor of 720 and 42745.
5
What is the highest common factor of 9 and 1286667?
9
Calculate the greatest common factor of 131823 and 16587.
873
Calculate the highest common factor of 1098 and 5298.
6
Calculate the highest common factor of 645088 and 28576.
608
Calculate the greatest common factor of 343070 and 70.
70
What is the highest common divisor of 546 and 1312948?
182
What is the greatest common factor of 16609 and 188561?
977
What is the greatest common factor of 8294 and 19214?
26
Calculate the greatest common factor of 6576 and 3699.
411
What is the greatest common factor of 2400 and 181880?
40
Calculate the greatest common factor of 88 and 35656.
8
Calculate the highest common factor of 1156 and 277151.
289
What is the highest common factor of 5722 and 4?
2
What is the greatest common divisor of 5365 and 295655?
145
What is the greatest common factor of 30 and 83450?
10
What is the greatest common divisor of 18 and 145998?
18
What is the highest common factor of 4992 and 6760?
104
What is the highest common factor of 85055 and 15?
5
Calculate the greatest common factor of 206 and 300451.
103
Calculate the highest common factor of 12669633 and 603.
603
What is the highest common factor of 1428 and 9954?
42
What is the greatest common factor of 1330 and 3838?
38
What is the greatest common divisor of 1846 and 10244?
26
Calculate the highest common divisor of 91 and 1687049.
91
Calculate the greatest common divisor of 23 and 168061.
23
What is the highest common divisor of 10175 and 7733?
407
Calculate the greatest common divisor of 226926 and 126.
126
What is the greatest common factor of 34977 and 267?
267
What is the highest common divisor of 5555 and 275?
55
Calculate the greatest common factor of 9884 and 140.
28
Calculate the greatest common divisor of 57447 and 19305.
117
Calculate the greatest common divisor of 23268 and 903.
21
What is the highest common factor of 2354 and 3916?
22
Calculate the greatest common factor of 17985 and 7848.
327
Calculate the highest common factor of 102 and 16677.
51
What is the greatest common factor of 16428 and 10804?
148
Calculate the highest common divisor of 1615982 and 326.
326
What is the greatest common factor of 47 and 1283899?
47
What is the highest common factor of 86999 and 11?
11
What is the greatest common factor of 39 and 946114?
13
Calculate the greatest common factor of 2895484 and 236.
236
Calculate the greatest common divisor of 33226 and 60615.
449
What is the highest common factor of 1107839 and 51?
17
What is the highest common factor of 1696 and 459775?
53
Calculate the greatest common divisor of 248 and 1016552.
248
Calculate the highest common divisor of 3062 and 1449857.
1531
What is the highest common divisor of 221875 and 71?
71
Calculate the highest common factor of 38630 and 45.
5
Calculate the greatest common factor of 148068 and 7128.
324
Calculate the greatest common factor of 26112 and 23392.
544
Calculate the highest common factor of 87178 and 858.
26
What is the highest common factor of 4002 and 3588?
138
Calculate the greatest common divisor of 165 and 2574990.
165
Calculate the greatest common factor of 36 and 9627852.
12
What is the greatest common divisor of 326 and 42706?
326
What is the highest common divisor of 48924 and 324?
324
Calculate the greatest common divisor of 148 and 4625.
37
What is the greatest common factor of 21166 and 304?
38
What is the highest common factor of 64480 and 105040?
1040
Calculate the highest common factor of 18484 and 100.
4
Calculate the greatest common factor of 1290 and 29730.
30
Calculate the greatest common factor of 556 and 190291.
139
Calculate the highest common divisor of 1300 and 191204.
52
What is the highest common factor of 41181 and 851?
37
Calculate the greatest common factor of 39945 and 435.
15
Calculate the greatest common divisor of 70 and 239015.
35
What is the highest common divisor of 370 and 7130?
10
What is the highest common factor of 87956 and 374?
22
What is the highest common factor of 77 and 12023?
11
What is the greatest common factor of 929782 and 42?
14
Calculate the greatest common divisor of 1898364 and 129.
129
Calculate the highest common divisor of 10163097 and 189.
189
Calculate the greatest common divisor of 282 and 36284.
94
Calculate the highest common divisor of 92 and 5428.
92
Calculate the highest common factor of 51950 and 350.
50
Calculate the greatest common divisor of 928395 and 27.
27
What is the highest common factor of 69290 and 30?
10
Calculate the highest common divisor of 657522 and 18.
18
What is the highest common divisor of 15 and 2711250?
15
Calculate the highest common factor of 21 and 255381.
21
Calculate the greatest common factor of 36 and 76230.
18
Calculate the greatest common factor of 1402 and 890971.
701
Calculate the greatest common factor of 127 and 476123.
127
What is the greatest common divisor of 12920 and 105?
5
What is the greatest common divisor of 14736 and 7061?
307
Calculate the greatest common factor of 241128 and 184.
8
Calculate the highest common divisor of 19166 and 4317826.
2738
Calculate the greatest common divisor of 37846 and 635.
127
Calculate the greatest common factor of 1844 and 188.
4
What is the highest common divisor of 10164 and 6006?
462
What is the greatest common factor of 1629408 and 88?
88
Calculate the 